
1
What is the ten millions digit of 1715183516?
1
What is the thousands digit of 121149395?
9
What is the thousands digit of 58173305?
3
What is the tens digit of 78649792?
9
What is the ten thousands digit of 284598863?
9
What is the ten millions digit of 109004792?
0
What is the hundred thousands digit of 534354925?
3
What is the hundred thousands digit of 3317125569?
1
What is the thousands digit of 32684421?
4
What is the ten thousands digit of 354593527?
9
What is the ten thousands digit of 1042458731?
5
What is the units digit of 6749879078?
8
What is the ten thousands digit of 39212609?
1
What is the hundred thousands digit of 34172960?
1
What is the tens digit of 4262858107?
0
What is the units digit of 201001618?
8
What is the tens digit of 326388?
8
What is the tens digit of 3257708806?
0
What is the millions digit of 13814683?
3
What is the thousands digit of 66771288?
1
What is the ten thousands digit of 61599595?
9
What is the millions digit of 4040696721?
0
What is the ten thousands digit of 1380049087?
4
What is the units digit of 163615837?
7
What is the units digit of 699287?
7
What is the tens digit of 47007419?
1
What is the ten thousands digit of 451262115?
6
What is the thousands digit of 58648447?
8
What is the ten thousands digit of 1112188401?
8
What is the thousands digit of 53580129?
0
What is the tens digit of 683893238?
3
What is the hundred thousands digit of 343396797?
3
What is the ten millions digit of 212879878?
1
What is the tens digit of 29668610?
1
What is the hundred millions digit of 117899154?
1
What is the hundred thousands digit of 155043839?
0
What is the ten thousands digit of 184820484?
2
What is the units digit of 1764832462?
2
What is the ten millions digit of 71385423?
7
What is the ten millions digit of 272009937?
7
What is the hundred thousands digit of 1584516511?
5
What is the billions digit of 2545109079?
2
What is the units digit of 188182710?
0
What is the hundred thousands digit of 10479879?
4
What is the units digit of 512640050?
0
What is the tens digit of 38394487?
8
What is the ten millions digit of 396237572?
9
What is the thousands digit of 101067262?
7
What is the ten millions digit of 23546425?
2
What is the hundred thousands digit of 244338224?
3
What is the ten millions digit of 3111639410?
1
What is the millions digit of 3420116676?
0
What is the ten millions digit of 51123930?
5
What is the thousands digit of 10169086?
9
What is the tens digit of 2348363215?
1
What is the tens digit of 61683269?
6
What is the hundred millions digit of 2645871110?
6
What is the tens digit of 87317458?
5
What is the ten thousands digit of 91943203?
4
What is the units digit of 114764844?
4
What is the thousands digit of 3953388276?
8
What is the thousands digit of 856068699?
8
What is the ten millions digit of 81595447?
8
What is the hundreds digit of 4306805727?
7
What is the ten thousands digit of 154039274?
3
What is the hundred thousands digit of 121047316?
0
What is the hundred millions digit of 186841256?
1
What is the hundred thousands digit of 36789230?
7
What is the ten millions digit of 471899766?
7
What is the hundreds digit of 760233133?
1
What is the ten thousands digit of 75535912?
3
What is the ten thousands digit of 114286594?
8
What is the hundred millions digit of 836794714?
8
What is the units digit of 342010238?
8
What is the millions digit of 1355849025?
5
What is the billions digit of 1931805475?
1
What is the units digit of 541309226?
6
What is the hundreds digit of 505204496?
4
What is the units digit of 18231865?
5
What is the millions digit of 361864531?
1
What is the tens digit of 578890160?
6
What is the ten thousands digit of 2877302?
7
What is the tens digit of 272846512?
1
What is the tens digit of 38042713?
1
What is the thousands digit of 455443627?
3
What is the millions digit of 5657170449?
7
What is the thousands digit of 1669089?
9
What is the units digit of 321374009?
9
What is the thousands digit of 35765227?
5
What is the units digit of 192736754?
4
What is the hundred millions digit of 1509443489?
5
What is the hundred thousands digit of 55001753?
0
What is the ten millions digit of 2088288462?
8
What is the hundred thousands digit of 81572080?
5
What is the units digit of 147643968?
8
What is the hundreds digit of 3541111448?
4
What is the millions digit of 13318341?
3
What is the ten thousands digit of 1562747?
6
What is the hundreds digit of 89499242?
2
What is the tens digit of 98661297?
9
What is the thousands digit of 30763276?
3
What is the ten millions digit of 682883971?
8
What is the units digit of 61407187?
7
What is the millions digit of 1117943878?
7
What is the thousands digit of 44697145?
7
What is the ten millions digit of 887914615?
8
What is the hundred millions digit of 514886054?
5
What is the hundreds digit of 575309167?
1
What is the hundred millions digit of 694741891?
6
What is the ten thousands digit of 71187084?
8
What is the millions digit of 82696434?
2
What is the hundreds digit of 83514991?
9
What is the millions digit of 46656761?
6
What is the ten millions digit of 41208172?
4
What is the millions digit of 251764883?
1
What is the ten millions digit of 74567050?
7
What is the hundred thousands digit of 1286863500?
8
What is the hundred thousands digit of 2611015649?
0
What is the ten thousands digit of 41589533?
8
What is the thousands digit of 1099262717?
2
What is the hundred thousands digit of 12784638?
7
What is the units digit of 4569793426?
6
What is the hundred thousands digit of 168476905?
4
What is the ten millions digit of 51559145?
5
What is the millions digit of 840596026?
0
What is the hundred thousands digit of 57434456?
4
What is the tens digit of 21578922?
2
What is the units digit of 1181977870?
0
What is the hundreds digit of 1023091941?
9
What is the ten thousands digit of 2121223450?
2
What is the millions digit of 2027661496?
7
What is the hundred millions digit of 412355460?
4
What is the thousands digit of 8116103?
6
What is the thousands digit of 493987043?
7
What is the millions digit of 110131964?
0
What is the thousands digit of 251669006?
9
What is the ten thousands digit of 4166675?
6
What is the thousands digit of 115492336?
2
What is the thousands digit of 100829931?
9
What is the units digit of 62500458?
8
What is the hundred millions digit of 287555157?
2
What is the tens digit of 30152518?
1
What is the millions digit of 1222622968?
2
What is the hundreds digit of 18348067?
0
What is the hundreds digit of 4269312835?
8
What is the hundred millions digit of 1032564036?
0
What is the units digit of 359146124?
4
What is the hundred millions digit of 2651013177?
6
What is the ten millions digit of 45170741?
4
What is the ten millions digit of 34728392?
3
What is the tens digit of 410863824?
2
What is the thousands digit of 930947929?
7
What is the thousands digit of 2392295152?
5
What is the hundred millions digit of 149973465?
1
What is the billions digit of 3774399865?
3
What is the millions digit of 2070614024?
0
What is the ten millions digit of 42962423?
4
What is the units digit of 554350072?
2
What is the millions digit of 4635466?
4
What is the ten thousands digit of 612763386?
6
What is the hundred thousands digit of 4525708896?
7
What is the hundreds digit of 1105730507?
5
What is the units digit of 2608427795?
5
What is the hundred millions digit of 440630128?
4
What is the tens digit of 181807423?
2
What is the ten thousands digit of 219266948?
6
What is the tens digit of 5973471?
7
What is the ten thousands digit of 4813930097?
3
What is the millions digit of 1980107012?
0
What is the hundred thousands digit of 2459354128?
3
What is the ten millions digit of 38204447?
3
What is the hundred thousands digit of 32821288?
8
What is the millions digit of 2936578447?
6
What is the ten thousands digit of 5501310733?
1
What is the hundred millions digit of 1761540249?
7
What is the ten thousands digit of 25205762?
0
What is the tens digit of 299543972?
7
What is the units digit of 37928630?
0
What is the thousands digit of 4033120209?
0
What is the tens digit of 34753002?
0
What is the hundred millions digit of 141581189?
1
What is the tens digit of 9304872300?
0
What is the thousands